
False
Is 23 a factor of 50373?
False
Is 1724 a multiple of 16?
False
Does 8 divide 352?
True
Does 18 divide 34668?
True
Is 8416 a multiple of 32?
True
Is 32 a factor of 2048?
True
Does 12 divide 552?
True
Is 17138 a multiple of 11?
True
Is 145 a factor of 777?
False
Is 10017 a multiple of 53?
True
Is 19668 a multiple of 12?
True
Does 16 divide 20428?
False
Does 46 divide 350?
False
Is 13 a factor of 2401?
False
Is 340 a multiple of 34?
True
Is 4 a factor of 12458?
False
Is 10 a factor of 326?
False
Is 5897 a multiple of 30?
False
Is 40 a factor of 341?
False
Does 10 divide 470?
True
Is 99 a factor of 34998?
False
Is 15 a factor of 2753?
False
Is 98 a multiple of 15?
False
Does 44 divide 411?
False
Is 2910 a multiple of 3?
True
Does 247 divide 5187?
True
Is 12 a factor of 163?
False
Is 8 a factor of 14020?
False
Does 7 divide 1554?
True
Does 20 divide 66580?
True
Is 8325 a multiple of 75?
True
Does 19 divide 12760?
False
Is 33 a factor of 3176?
False
Does 119 divide 25812?
False
Does 26 divide 4680?
True
Is 41129 a multiple of 42?
False
Does 3 divide 14?
False
Does 19 divide 4405?
False
Is 1539 a multiple of 13?
False
Does 472 divide 109976?
True
Is 7 a factor of 13965?
True
Is 76 a factor of 6082?
False
Is 12 a factor of 30132?
True
Is 66 a factor of 3566?
False
Is 11592 a multiple of 23?
True
Does 4 divide 189?
False
Is 2264 a multiple of 19?
False
Is 80 a factor of 14560?
True
Is 726 a multiple of 18?
False
Is 26414 a multiple of 148?
False
Is 6132 a multiple of 7?
True
Is 11328 a multiple of 16?
True
Is 13 a factor of 2957?
False
Does 9 divide 3541?
False
Is 33396 a multiple of 23?
True
Does 17 divide 41?
False
Is 24 a factor of 32618?
False
Does 9 divide 126?
True
Is 1989 a multiple of 17?
True
Is 6930 a multiple of 15?
True
Is 567 a multiple of 27?
True
Does 18 divide 5221?
False
Is 7 a factor of 8120?
True
Does 15 divide 110?
False
Does 2 divide 864?
True
Does 6 divide 692?
False
Is 6804 a multiple of 54?
True
Is 4180 a multiple of 6?
False
Is 36617 a multiple of 22?
False
Is 101 a factor of 40259?
False
Is 258 a multiple of 43?
True
Is 138 a factor of 5537?
False
Is 15 a factor of 2453?
False
Does 30 divide 940?
False
Is 6054 a multiple of 125?
False
Does 9 divide 7407?
True
Does 60 divide 1920?
True
Is 73 a factor of 8025?
False
Does 59 divide 15281?
True
Is 308 a factor of 8316?
True
Is 2158 a multiple of 22?
False
Is 114043 a multiple of 72?
False
Is 22656 a multiple of 118?
True
Is 53 a factor of 12826?
True
Does 5 divide 1325?
True
Is 1415 a multiple of 127?
False
Does 10 divide 8485?
False
Is 3 a factor of 2309?
False
Is 47 a factor of 286?
False
Does 9 divide 18336?
False
Does 4 divide 15043?
False
Is 7356 a multiple of 22?
False
Is 11110 a multiple of 22?
True
Is 22 a factor of 30052?
True
Is 2672 a multiple of 45?
False
Does 217 divide 4653?
False
Is 364 a multiple of 22?
False
Is 117 even?
False
Is 18 a factor of 10116?
True
Is 227 a factor of 34475?
False
Is 120 a factor of 2207?
False
Is 3 a factor of 12373?
False
Is 84 a factor of 1897?
False
Is 24 a factor of 11040?
True
Is 72 a factor of 9864?
True
Does 21 divide 926?
False
Is 15 a factor of 589?
False
Does 22 divide 638?
True
Does 11 divide 656?
False
Is 918 a multiple of 18?
True
Is 6 a factor of 84?
True
Is 197 a multiple of 3?
False
Does 258 divide 19350?
True
Is 3276 a multiple of 26?
True
Does 14 divide 11182?
False
Is 14539 a multiple of 18?
False
Is 11 a factor of 1868?
False
Is 6 a factor of 2298?
True
Does 22 divide 23364?
True
Is 25043 a multiple of 79?
True
Does 25 divide 100?
True
Does 4 divide 44?
True
Is 792 a multiple of 22?
True
Does 10 divide 3233?
False
Is 15407 a multiple of 31?
True
Is 2511 a multiple of 41?
False
Is 10 a factor of 12824?
False
Does 31 divide 438?
False
Does 43 divide 4372?
False
Is 139 a factor of 118845?
True
Is 3680 a multiple of 92?
True
Is 111 a factor of 1419?
False
Is 3796 a multiple of 15?
False
Does 45 divide 1620?
True
Does 73 divide 1199?
False
Is 26 a factor of 940?
False
Is 1323 a multiple of 21?
True
Is 3940 a multiple of 20?
True
Is 61 a multiple of 2?
False
Does 20 divide 570?
False
Is 2 a factor of 19?
False
Is 35 a factor of 2790?
False
Does 9 divide 3859?
False
Is 84 a factor of 3528?
True
Is 17559 a multiple of 18?
False
Is 39 a factor of 22939?
False
Is 30 a factor of 3944?
False
Is 149 a multiple of 10?
False
Is 120 a factor of 41520?
True
Does 25 divide 1573?
False
Is 53 a factor of 1590?
True
Does 5 divide 548?
False
Does 73 divide 1533?
True
Is 18 a factor of 1008?
True
Is 63 a factor of 441?
True
Is 436 a factor of 54500?
True
Does 66 divide 13794?
True
Is 3247 a multiple of 17?
True
Is 7269 a multiple of 27?
False
Is 110 a factor of 3062?
False
Is 8512 a multiple of 76?
True
Is 2465 a multiple of 17?
True
Is 10 a factor of 90?
True
Is 3259 a multiple of 6?
False
Is 163 a multiple of 5?
False
Does 41 divide 21910?
False
Is 3691 a multiple of 9?
False
Is 7 a factor of 1960?
True
Is 4228 a multiple of 28?
True
Is 20 a factor of 5121?
False
Is 5 a factor of 9871?
False
Does 11 divide 231?
True
Is 7555 a multiple of 12?
False
Does 2 divide 528?
True
Is 9 a factor of 8676?
True
Is 13 a factor of 14833?
True
Is 88 a factor of 28459?
False
Is 4900 a multiple of 7?
True
Does 6 divide 293?
False
Is 3678 a multiple of 13?
False
Is 18 a factor of 3168?
True
Is 15 a factor of 810?
True
Is 166 a factor of 66897?
False
Does 51 divide 8772?
True
Is 17555 a multiple of 114?
False
Is 15 a factor of 1162?
False
Is 3 a factor of 2007?
True
Is 11686 a multiple of 17?
False
Is 28848 a multiple of 143?
False
Is 6000 a multiple of 15?
True
Is 1697 a multiple of 20?
False
Is 32 a factor of 608?
True
Does 132 divide 25212?
True
Is 1905 a multiple of 15?
True
Is 4892 a multiple of 37?
False
Does 15 divide 35730?
True
Is 10 a factor of 565?
False
Is 4012 a multiple of 68?
True
Is 59 a factor of 2553?
False
Is 4 a factor of 68?
True
Is 53 a factor of 5353?
True
Is 28318 a multiple of 79?
False
Does 10 divide 3140?
True
Is 13690 a multiple of 18?
False
Is 12 a factor of 5886?
False
Is 208 a multiple of 14?
False
Does 4 divide 616?
True
Does 85 divide 4080?
True
Is 389 a multiple of 8?
False
Is 50 a factor of 2150?
True
Is 8 a factor of 67501?
False
Is 26 a factor of 130?
True
Is 3 a factor of 4611?
True
Does 28 divide 224?
True
Does 35 divide 280?
True
Does 362 divide 40906?
True
Does 70 divide 695?
False
Does 41 divide 1927?
True
Does 24 divide 432?
True
Is 18 a factor of 582?
False
Is 22 a factor of 4312?
True
Is 78 a factor of 14227?
False
Is 9 a factor of 802?
False
Is 113 a factor of 25538?
True
Does 23 divide 575?
True
Is 91 a factor of 14957?
False
Does 10 divide 690?
True
Is 69 a factor of 675?
False
Is 10 a factor of 1100?
True
Does 17 divide 1165?
False
Is 6 a factor of 624?
True
Does 15 divide 240?
True
Is 16 a factor of 448?
True
Does 35 divide 1487?
False
Is 834 a multiple of 56?
False
Is 8547 a multiple of 21?
True
Does 22 divide 203?
False
Is 8352 a multiple of 7?
False
Is 732 a multiple of 16?
False
Is 36 a factor of 1284?
False
Does 8 divide 655?
False
Is 3 a factor of 39?
True
Is 946 a multiple of 43?
True
Does 10 divide 14240?
True
Does 9 divide 1035?
True
Does 19 divide 1083?
True
Does 80 divide 5680?
True
Is 2192 a multiple of 5?
False
Does 22 divide 6054?
False
Does 164 divide 25122?
False
Does 6 divide 786?
True
Is 3974 a multiple of 17?
False
Is 13 a factor of 7365?
False
Is 11 a factor of 3223?
True
Is 1898 a multiple of 9?
False
Is 33 a factor of 13939?
False
Does 68 divide 952?
True
Is 30900 a multiple of 8?
False
Is 3 a factor of 492?
True
Is 30 a factor of 426?
False
Is 2 a factor of 143?
False
Is 136617 a multiple of 385?
False
Is 61 a factor of 50809?
False
Is 3 a factor of 428?
False
Is 1540 a multiple of 11?
True
Is 22 a factor of 85357?
False
Is 1210 a multiple of 55?
True
Does 36 divide 1029?
False
Is 1273 a multiple of 67?
True
Does 98 divide 588?
True
Does 2 divide 708?
True
Is 43 a factor of 473?
True
Is 4930 a multiple of 33?
False
Is 55 a factor of 125?
False
Is 1355 even?
False
Does 61 divide 7137?
True
Does 19 divide 201?
False
Is 19 a factor of 13972?
False
Is 8329 a multiple of 24?
False
Is 605 a multiple of 55?
True
Does 12 divide 1366?
False
Is 5526 a multiple of 9?
True
Is 10 a factor 